- g + 2. What is d(v)?
-4
Let m(s) = -8*s - 43. Let v be m(-5). Let q = 18 - 15. Let b(i) = q*i + 2 - 3*i**2 - 4*i - i**3 + i. What is b(v)?
2
Let g(f) = -12*f - 50. Let n(c) = -4*c - 29. Let j(o) = 3*g(o) - 8*n(o). Calculate j(19).
6
Let y = 286 + -281. Let s(f) = -3*f**2 - 13*f - 7. Let c(x) = x**2 + 7*x + 3. Let p(w) = y*c(w) + 2*s(w). Calculate p(9).
1
Let p = 38 - 34. Suppose -g = p*d - 6, 2*g - 5 + 0 = -d. Let y(z) = 7*z**3 + 6*z**g + 5*z**3 - 8*z**3 + 3*z - 3*z**3 - 4. Give y(-5).
6
Suppose 76 = -225*n + 206*n. Let o(c) = 2*c**2 - 2*c - 5*c + 4 + 3*c - 3*c**2. Give o(n).
4
Let y(c) be the first derivative of 3*c - 262 - 7/3*c**3 - 1/4*c**4 - 7/2*c**2. Suppose 0 = -4*z + 9 - 33. Determine y(z).
9
Suppose 5*x - 42 = -x. Suppose x*d = -0*d + 175. Suppose 4*m + w = -d, -2*w - 31 = 2*m - 11. Let j(f) = -f**3 - 5*f**2 + 5. Give j(m).
5
Let q(u) = 7*u**3 + u**2 - u - 2. Let t be q(-2). Let j = t + 58. Let z(x) = 7 + x**2 - 4*x**3 - 12*x + 11*x - j. Give z(1).
-3
Let p(q) = 34*q - 52. Let f(h) = -225*h + 365. Let n(c) = -3*f(c) - 20*p(c). What is n(-9)?
-10
Let f(t) = 1 + 22*t**2 + 6*t**2 - t - 8*t**2 + 2*t. Suppose 19 = -3*p - 4*b, -3*p - p = -3*b - 8. Give f(p).
20
Let j(v) = 110*v + 107. Let p be j(-1). Let n(l) = 2*l**2 + 9*l + 6. Give n(p).
-3
Suppose f = -4*q + 11, 16*q + f - 14 = 9*q. Let x(c) = 148*c**2 + 3*c - 1. Calculate x(q).
150
Let k(i) = -13*i. Suppose -180 = -100*n + 90*n. Let p be 1*-5*n/(-30). Give k(p).
-39
Let g = 14 - 11. Let x be 35/(-105) - (-1)/g*1. Let y(h) = 3 + 1 - h + x + 2. Calculate y(3).
3
Let d(w) be the third derivative of w**5/60 + 7*w**4/24 + 312*w**2. Let y be (-6)/(1 + 2 + -2). Determine d(y).
-6
Let y(u) = u + 1. Let q(p) = -2*p + 8. Let j be q(1). Let l(n) = -3*n**2 + 6*n + 5. Let h(i) = j*y(i) - l(i). Determine h(-1).
4
Let t(r) = 10*r + 41. Let p be (-6 + 0)/((-192)/(-128)). Calculate t(p).
1
Let a(k) = -4*k + 10. Let z be a(4). Suppose 24 = 6*t - 3*t. Let g = z + t. Let u(o) = o**2 + o - 2. Calculate u(g).
4
Let l be -8 - (-1 - 8/(-2)). Let u be (-11 - l)/(6/2). Let x(v) be the first derivative of v**2/2 + 20*v - 13. Calculate x(u).
20
Let b(c) be the first derivative of 6*c**2 + 131*c - 1241. Determine b(-11).
-1
Let h be (-4 + 36/6)/(2/10). Let d(g) = -h - 11785*g + 0 + 11788*g. Give d(10).
20
Let n(g) be the third derivative of 1/3*g**3 - 1/60*g**5 + 6*g**2 - 11/24*g**4 - 6 + 0*g. What is n(-8)?
26
Suppose -260 = 145*i - 149*i. Suppose 0 = -7*g - 6*g + i. Let j(s) = -s**2 + 3*s - 7. Give j(g).
-17
Let l(g) = -7*g - 48. Let w(u) = -16*u - 103. Let o(z) = 10*l(z) - 4*w(z). Calculate o(-11).
-2
Let x(d) = 22*d**3 + d. Suppose 4*h - 21 = 2*g + h, 5*g + 4*h = -87. Let l(c) = c**3 + 14*c**2 - 13*c + 29. Let j be l(g). Give x(j).
-23
Let u(r) = 2*r**3 - 11*r**2 + 4*r**3 + 1 + 24*r - 5*r**3. Let i be u(8). Let n(y) = -11*y. Calculate n(i).
-11
Let j(c) = 6*c**2 - c + 1. Let l(b) = b**2 + b. Let d = 5 - 5. Suppose -4*n - 4 = -d*n. Let o(v) = n*j(v) + 5*l(v). Determine o(3).
8
Let b(c) be the first derivative of -c**5/60 - 5*c**4/12 - 11*c**3/6 - c**2/2 - 12*c + 131. Let y(g) be the second derivative of b(g). Calculate y(-9).
-2
Let u(v) = -493 - 4*v - 17*v - 15*v + 21*v. What is u(-33)?
2
Let o be (10776/14)/6 + (-4)/14. Let a = o + -126. Let q(y) = y**2 - y + 0 + 1 - 2*y. Give q(a).
-1
Let r(x) = -10*x + 9. Let n(o) = -11*o + 9. Let b(s) = -4*n(s) + 5*r(s). Let d be b(0). Let y(l) = 9*l**2 + 0 + d + 9*l**2 - 17*l**2 + 8*l. Determine y(-6).
-3
Let z(j) = -j**3 + j**2 + 34*j - 88. Let q be z(3). Let n(p) be the first derivative of -4/3*p**3 - 1/4*p**4 + 5*p - 1/2*p**2 - 1. What is n(q)?
9
Let y(s) = 17*s + 26 + 33 - 128 + 32 + 30. Determine y(-4).
-75
Let m(p) = -33*p + 4. Let r be m(-1). Suppose -4*n = 33 - r. Let d(x) = -78*x + 44*x + 46*x - n. What is d(1)?
11
Let p(z) = 4*z - 1. Suppose 2*g - 2 = 4. Let c be 2 - (-4 - (g - 2)). Suppose 5*b - 2*y + 4 = 29, 4*b - c = -y. Calculate p(b).
11
Let o(k) = k**3 + 12*k**2 - 14*k - 7. Suppose 2*m + 3 = 5*m - 4*u, -u + 18 = 3*m. Suppose -l - 18 = -2*z + m, 3*l - z = -44. Calculate o(l).
6
Let y = 130 - 136. Let s(g) = 12*g + 19. Let o(a) = 5*a + 9. Let m(q) = y*s(q) + 14*o(q). Determine m(7).
-2
Suppose 0 = -4*a + 29*a + 4 + 46. Let i(v) = 5*v + 2. Let r(h) = -21*h - 9. Let p = 11 - 5. Let c(b) = p*r(b) + 26*i(b). What is c(a)?
-10
Let a(m) = -2*m + 2. Let y be a(-2). Suppose -2*x = 0, v - 4*x + x - 328 = 0. Let s(z) = v*z - 329*z + 7 + 3. Determine s(y).
4
Let f(q) = -q + 5. Let v be (11 - 11)*(-1)/(-3). Let u be (0*(1 + v))/(-1). Suppose -3*r + 12 = -u. Calculate f(r).
1
Let z = -13712 + 13718. Let r(c) be the first derivative of -1/2*c**2 - z*c + 18. Calculate r(-5).
-1
Let r(z) be the second derivative of z**3/2 + 33*z**2 - 809*z. Calculate r(-23).
-3
Let i(o) = -o + 25. Let a be i(34). Let m be (-3)/(-3) + 6 + a/3. Let l(h) = h**3 - 2*h**2 + h - 5. Give l(m).
31
Let f(l) = -11*l + 620 + 609 - 1218. Determine f(5).
-44
Let z(v) = -v**2 - 45*v + 8. Let k(l) = -10*l + 1. Let m(p) = -5*k(p) + z(p). Calculate m(5).
3
Let s be (36/8 - 4)*6. Suppose s*g + 6 = 0, 8 = 4*r + 4*g - 8. Let d(q) = -6 + 7 - 1 - q - r*q**2. Determine d(-1).
-5
Let a(d) be the second derivative of -d**5/20 + 37*d**4/12 + d**3/3 - 71*d**2/2 - 4080*d. Give a(37).
3
Let m(s) be the second derivative of -s**3/6 + 5*s**2/2 - 108*s. Let c(n) = -4*n**2 + 6*n + 5. Let y be c(-1). Determine m(y).
10
Let t(z) = 2*z**2 + 33*z - 30. Let k(n) = n**2 + 12*n - 14. Let f(g) = -5*k(g) + 2*t(g). Determine f(6).
10
Suppose -32 = -2*g + p, -27 - 35 = -4*g + 3*p. Suppose -2*x + 0 = -5*n + 6, n + g = 3*x. Let u(b) = -18*b + 13 + b**2 + 8*b - 5. What is u(x)?
-13
Let a(m) = -3*m**3 - 12*m**2 - m + 4. Let h(k) = 6*k - 28. Let l be h(4). Let f be a(l). Let u(q) = q**2 - 7*q - 5. Give u(f).
3
Suppose -953 + 960 = -r. Let m(h) = 3 - 2 - h**2 - 4 - 9*h. Determine m(r).
11
Let n(r) = -r**2 - 8*r + 7. Let q(j) = -j. Let t(d) = n(d) - 5*q(d). Suppose 79 - 17 = 21*u - 1. Give t(u).
-11
Let l = -38 - -41. Let y(n) = l*n - 4*n - 254*n**2 + 255*n**2. Determine y(1).
0
Let b(c) be the third derivative of -7*c**4/24 - c**3/6 + c**2. Let d = 59575 - 59574. Give b(d).
-8
Let r(o) be the first derivative of o**4/2 + 5*o**3/3 - 2*o**2 + 2*o + 8952. Calculate r(-3).
5
Let u be (-4)/6*((-15453)/(-18) - -7). Let r = u - -564. Let p(c) = -c**2 - 13*c. Calculate p(r).
0
Let x(l) = -4*l - 31. Let o be x(-9). Suppose -4*b = -q - 56, b - o*b = 0. Let n = 56 + q. Let f(k) = k + 2. What is f(n)?
2
Let h(u) = u**2 + 6*u - 12. Suppose -4*j = 17*d - 13*d - 24, -5*j - 2*d = -27. Suppose 26 + 17 = -5*w - p, 0 = w - j*p - 7. Calculate h(w).
4
Let a(s) = -s**3 + 3*s**2 - 472814*s - 4*s**2 - 472808*s + 945623*s + 4*s**2. Let j(g) = 0*g**2 + 4 - 1 + 3*g - g**2. Let c be j(3). Give a(c).
3
Let s = -49 + 54. Suppose -2*w + 12 - 8 = 0. Let q(c) = 0 - 4*c + 50*c**2 + 4 - 49*c**w. Calculate q(s).
9
Let j(v) be the third derivative of 2*v**4/3 + 175*v**3/6 - 7897*v**2. Determine j(-11).
-1
Let k = -57 + 59. Let a(d) = -k*d - 23 - 31 + 85 - 24. Calculate a(7).
-7
Let v(f) = -f**2 + 7*f - 3. Let r(k) be the third derivative of -5*k**4/12 - 15*k**3/2 + 83*k**2. Let u be r(-5). Calculate v(u).
7
Let s = 408 + -692. Let i = -275 - s. Let l(o) = -o**3 + 8*o**2 + 9*o + 10. What is l(i)?
10
Suppose -13 = -2*b - 3. Suppose -3*g = b*q + 8, 8 = -5*q - 12. Let n(k) = -2*k**2 - 2*k + 6. Calculate n(g).
-34
Let p(i) = -i**2 - 7*i + 5. Let u(m) = m**3 + 13*m**2 + 21*m - 18. Let w = -34 - -37. Suppose 4*o + w*o = -77. Let n be u(o). What is p(n)?
5
Let q(b) = -5*b**3 + 2*b**2 + b + 6. Let r(a) = 2*a**3 + a**2 + a - 2. Let l(i) = -q(i) - 2*r(i). Suppose 3*f + 8 = 5*f. Calculate l(f).
-14
Let f(l) = -18 + 33 + 10*l - 15*l - 22. Calculate f(4).
-27
Let r(h) = 47*h + 317. Let u(x) = -25*x - 175. Let d(j) = -5*r(j) - 9*u(j). Calculate d(7).
-80
Let c(n) be the first derivative of n**4/4 + 2*n**3 - 2*n**2 + 3*n - 3. Let b = 34190 - 34197. Calculate c(b).
-18
Let t be (1/(-7))/(28/(-50372)). Let u = 252 - t. Let g(j) = -j - 7. Calculate g(u).
-2
Let g be 292/18 - 6/27. Suppose -11 - 30 = 5*l - 4*u, -4*u = -g. Let f(s) = 7*s - s + 24797 - 49596 + s**2 + 24792. What is f(l)?
-12
Let d(j) be the third derivative of -4*j**4/3 - 29*j**3/3 - 3856*j**2. Calculate d(-2).
6
Let f(g) = 